
1
Suppose -2*h - 5*l = -30, 5*h - 5*l - 46 = -41. Suppose k - 379 = -n + 4*k, -20 = -h*k. What is the tens digit of n?
9
Let o(s) = s**2 - 22*s + 25. Let r be o(21). Suppose -5*x = -p + 142, -3*x + x = -r*p + 658. What is the hundreds digit of p?
1
Let v = -1004 + -528. Let t = -1047 - v. What is the tens digit of t?
8
Suppose -3*a + 2*s + 138473 = 0, -14*a = -9*a + 4*s - 230803. What is the thousands digit of a?
6
Let k be (8 - 6)/(4/10). Suppose 24 = 4*u + 4*l, -2*u - 1 = k*l - 10. Suppose 5*q - 55 = -5*x, 0 = 3*x - u - 5. What is the units digit of q?
7
Let q(p) = 15*p**3 - 137 - 4*p + p**2 + 3*p**2 + 277 - 136. What is the hundreds digit of q(2)?
1
Let d(p) = 9*p - 332 + 332. Let k be d(-3). What is the tens digit of (1476/k)/((-4)/6)?
8
Let g(n) = 32615*n**3 - 37*n**2 - 3*n + 4. What is the ten thousands digit of g(1)?
3
Let x = 116 + -121. Let k be ((543 - x) + -3)*1. Let a = k - 271. What is the tens digit of a?
7
Suppose 0 = -7*n + 3975 + 4117. Let a = n - 790. What is the tens digit of a?
6
Let m(j) = j**3 - 3*j**2 + j - 4. Let l be m(3). Let c(z) = -4*z + 2. Let i(k) = -80*k + 19. Let t(b) = -18*c(b) + 2*i(b). What is the units digit of t(l)?
0
Let n(a) = 9*a**2 - 115*a - 2047. What is the hundreds digit of n(-66)?
7
Suppose 9835672 = 6*v + 135*v + 55*v. What is the ten thousands digit of v?
5
Suppose 7*f - 31*f = -336. Let d(j) = j**3 - 13*j**2 + 23*j - 19. What is the tens digit of d(f)?
9
Suppose -2 = v - 5*i, -31*i + 29*i - 20 = -2*v. Suppose -2*n - 2*o = -1576, -v*n - 4*o - 3940 = -18*n. What is the tens digit of n?
8
Suppose -16*c + 4639 = -13404 + 443. What is the thousands digit of c?
1
Let i = -11 - -19. Let n(w) be the second derivative of -w**5/20 + 3*w**4/4 + 2*w**3/3 - 5*w**2/2 + w + 11. What is the tens digit of n(i)?
9
Let f = 0 + 34. Let x = f - 29. Suppose q = t + 82, x*t = -0*q - 2*q + 178. What is the units digit of q?
4
Suppose 21*u = -77*u + 1762726. What is the hundreds digit of u?
9
Let y(f) = f**3 + 2*f**2 - 3*f + 2. Let x be y(0). Suppose x*d = p + 143, -2*d + p - 217 = -5*d. What is the tens digit of d?
7
Let n(s) = -s**2 - 22*s - 29. Let j be n(-20). Suppose 5*g - j = 5*d - 2696, -1086 = -2*d - 4*g. What is the tens digit of d?
3
Let o = -31058 - -56838. What is the hundreds digit of o?
7
Let w(g) = 19*g**2 + 20*g - 36. Let l be w(15). Suppose -v = 4*o - 7175, -3*o + l + 828 = -4*v. What is the hundreds digit of o?
7
Let b(n) = 94*n**2 + 16*n - 24. Let t be b(8). Suppose 4*x + 11*x - t = 0. What is the units digit of x?
8
Suppose -j = 4*y - 1 - 16, 5*y - 5*j = -10. What is the tens digit of y/((-1)/((-1182)/18))?
9
Let h(s) = 7*s + 6*s - 43 + 30 + 13*s. What is the units digit of h(3)?
5
Let n(k) = -2271*k + 23. What is the thousands digit of n(-2)?
4
Let j = -3383 + 4527. What is the thousands digit of j?
1
Suppose 0 = 67*o - 1934 - 80141. What is the thousands digit of o?
1
What is the units digit of ((-1216)/(-304))/(0 + 1) - (-27231 + -2)?
7
Let v be (2/7)/(2 + 189/(-98)). Let b(o) = o**2 - 6*o + 13. Let t be b(v). Let g(j) = 4*j**2 - 6*j + 18. What is the tens digit of g(t)?
8
Suppose 12*f - 13*f = 4, 2*f = j - 146. Suppose -6*s = -7128 - j. What is the thousands digit of s?
1
Suppose 4*h = v + 1592, 2*h + 5*v = -0*v + 774. Suppose h - 125 = 2*t. What is the hundreds digit of t?
1
Let z be (-12)/(6 + (-9855)/1638). Suppose -2*k + z = m, 2121 + 1543 = 5*m + 4*k. What is the units digit of m?
6
Let b(o) = -o**3 + 7*o - 3. Let a be b(-3). Let p = 418 - 270. Suppose -a*y + 5*i = -p, 25 = -5*i - 0*i. What is the tens digit of y?
4
Suppose -48 = 4*t + 128. Let o = 55 - t. Suppose q + l = o, 2*q - 141 = 4*l + 39. What is the units digit of q?
6
Let y be -20 - -1 - (-8)/((-12)/6). Let i(x) = -67 + x**2 - 16 + 15*x + 15 + 24. What is the units digit of i(y)?
0
Let g(s) = 13*s**2 - 12*s + 10. Let n be g(-4). Suppose f + 2*b = -0*b + n, -4*f + 1088 = 2*b. What is the tens digit of f?
7
Suppose -4*o = f - 8, 0*o - f - 16 = -4*o. Suppose -o*t = -5*w + 1 - 8, -t - 2*w - 5 = 0. What is the units digit of (t/2 + 1)*350/7?
5
Suppose -44 = 4*b + 7*b. What is the units digit of (-6)/(-3)*-321*6/b?
3
What is the units digit of (6 + -2152)/((-17)/51)?
8
Let b(q) = q**2 - 5*q - 31. Suppose -2*p - 36 = -2*x, -3*p + 4*p - 4*x + 24 = 0. What is the units digit of b(p)?
5
Let s(h) = 5392*h + 12396. What is the thousands digit of s(6)?
4
Let z(t) = -62*t - 33. Let j be z(-3). Let u = j - 50. What is the units digit of u?
3
Let h = 63 - 64. What is the hundreds digit of 369 + 2*(h - 1)?
3
Let p(u) be the third derivative of 1/6*u**3 - 1/4*u**4 + 0*u - 11*u**2 + 1/10*u**5 + 0. What is the units digit of p(-3)?
3
What is the ten thousands digit of (-58)/3*(-5 + -6 + 4047/(-6))?
1
Let h(f) = 96*f - 3405. What is the hundreds digit of h(41)?
5
Let o(u) be the second derivative of -u**6/144 + 3*u**5/4 - u**4/3 - 18*u. Let r(y) be the third derivative of o(y). What is the tens digit of r(0)?
9
Let z(p) = -2*p**2 + 19*p - 2. Let m(d) = 8*d + 12 - 7 + d**2 - d. Let b be m(-7). What is the tens digit of z(b)?
4
Let s(c) = 61*c - 8. Let j = -162 + 167. What is the units digit of s(j)?
7
Let r(q) = 4*q**3 + 4*q**2 - 13*q + 12. Suppose -w + 0*m = -m - 5, w - 5 = 4*m. What is the units digit of r(w)?
7
Let o = 10497 - -3801. What is the thousands digit of o?
4
Let t(i) = -420*i**3 - 14*i**2 - 10*i + 1. What is the hundreds digit of t(-2)?
3
Suppose 16*p - 141422 + 8383 - 55297 = 0. What is the tens digit of p?
7
What is the units digit of -6 - (230628/(-10) + (-51)/255)?
7
Let n(l) = -234*l - 3. Suppose 0 = 222*o - 224*o - 4. What is the units digit of n(o)?
5
What is the hundreds digit of (1/2)/(13/102440)?
9
Let t(b) = 40*b**3 + 4*b**2 - 3*b + 1. Let w(d) = -d**2 - 6*d - 7. Let s be w(-3). What is the hundreds digit of t(s)?
3
Suppose 2*j - 3*w + 369 = 6*j, 2*j - 187 = -w. Suppose 4*g = 2*y - j, y + 231 = 6*y - g. Suppose -y*v = -47*v + 84. What is the tens digit of v?
8
Suppose -67437 = 140*b - 159*b + 10235. What is the thousands digit of b?
4
Let q(s) = -2*s**3 + 154*s**2 - 146*s + 358. What is the tens digit of q(74)?
1
Let o = 4360 - 2779. What is the units digit of o?
1
Suppose 0 = 29*p - 4*p - 127220 - 101455. What is the hundreds digit of p?
1
Let x = 3485 + -2465. Let c = x - 457. What is the hundreds digit of c?
5
Suppose 30 - 8 = -b + 5*u, 4*b + 2*u = 0. What is the units digit of 318 + b/1 + -4?
2
Let a(b) = -18*b**2 + 3*b + 2. Let j be a(-1). Let m = -23 - j. What is the units digit of m/(-14) - 2975/(-49)?
1
Suppose -5*w - 2*q + 0*q + 20 = 0, 25 = -5*q. Let m(u) = u**3 - 3*u**2 + 8*u - 18. What is the units digit of m(w)?
8
Let o = 51 + -531. What is the hundreds digit of 6*((-30832)/o + 3/5)?
3
Let k = -165 + 2230. Let l = -1068 + k. What is the units digit of l?
7
Suppose -77*d = -90*d + 11414. What is the hundreds digit of d?
8
Let b = 7567 + -3348. What is the hundreds digit of b?
2
Let a(i) = -11*i**2 + 10*i**2 - 26*i + 61*i + 24*i - 112. What is the hundreds digit of a(51)?
2
Let n = -704 - -1307. Let y = -245 + n. What is the hundreds digit of y?
3
Suppose -16*w = -27021 - 32771. What is the hundreds digit of w?
7
Suppose 0 = 4*i - o - 47, -2*o + 49 = i + 4*i. Suppose -15*d + i*d + 2*g + 4568 = 0, 3*g + 1142 = d. What is the tens digit of d?
4
Let j(q) = -6*q**3 - 13*q**2 - 63*q - 34. What is the thousands digit of j(-8)?
2
Let x = 252 + -236. Suppose x*n - 6*n = 12470. What is the units digit of n?
7
Suppose -5*n = 2*n + 28. What is the tens digit of n/(((-4)/12)/((-17)/(-6)))?
3
Suppose 42601 = 2*l - a, -19*l + 28*l + a = 191743. What is the hundreds digit of l?
3
Let f(h) = h - 3. Let q = -38 + 39. Let j be f(q). What is the units digit of j*(-5)/(-20)*-2?
1
Let n = 29050 - -2679. What is the tens digit of n?
2
Suppose 158600 = 5*y - 5*n, 0 = 4*y - 7*y + n + 95168. What is the thousands digit of y?
1
Suppose -24*f - 16*f + 122199 = -29*f. What is the units digit of f?
9
What is the tens digit of 103614*(6 + (-117)/21)?
0
Suppose -5*b + 205*t = 208*t - 74533, 2*t = -3*b + 44720. What is the hundreds digit of b?
9
Let y(l) = 46*l**2 + 3*l + 3. Let j be y(-1). Let k = 28 - j. What is the tens digit of (-878)/k - 2/(-9)?
4
Suppose -15*w - 382 = 368. What is the units digit of (3 - (-19)/(-3))*20460/w?
4
Let g = -29